 3792?
2, 3, 79
What are the prime factors of 6896?
2, 431
What are the prime factors of 29689?
11, 2699
List the prime factors of 46944.
2, 3, 163
What are the prime factors of 24396?
2, 3, 19, 107
What are the prime factors of 321?
3, 107
What are the prime factors of 902?
2, 11, 41
What are the prime factors of 1028?
2, 257
List the prime factors of 17430.
2, 3, 5, 7, 83
List the prime factors of 14.
2, 7
What are the prime factors of 2004?
2, 3, 167
List the prime factors of 17703.
3, 7, 281
What are the prime factors of 481?
13, 37
What are the prime factors of 27844?
2, 6961
What are the prime factors of 72?
2, 3
List the prime factors of 1199.
11, 109
List the prime factors of 626.
2, 313
What are the prime factors of 6681?
3, 17, 131
What are the prime factors of 3552?
2, 3, 37
List the prime factors of 456.
2, 3, 19
List the prime factors of 329.
7, 47
List the prime factors of 45683.
11, 4153
What are the prime factors of 1281?
3, 7, 61
List the prime factors of 1687.
7, 241
What are the prime factors of 347?
347
List the prime factors of 11129.
31, 359
List the prime factors of 895.
5, 179
List the prime factors of 29143.
151, 193
What are the prime factors of 815?
5, 163
What are the prime factors of 177808?
2, 11113
What are the prime factors of 1083?
3, 19
What are the prime factors of 60184?
2, 7523
What are the prime factors of 5413?
5413
What are the prime factors of 8628?
2, 3, 719
List the prime factors of 42999.
3, 11, 1303
List the prime factors of 1441.
11, 131
List the prime factors of 2239.
2239
List the prime factors of 1227.
3, 409
List the prime factors of 113182.
2, 56591
What are the prime factors of 1460?
2, 5, 73
What are the prime factors of 55658?
2, 17, 1637
List the prime factors of 4291.
7, 613
List the prime factors of 2667.
3, 7, 127
What are the prime factors of 30149?
7, 59, 73
List the prime factors of 1280.
2, 5
List the prime factors of 69497.
69497
List the prime factors of 2163.
3, 7, 103
List the prime factors of 3141.
3, 349
List the prime factors of 50846.
2, 25423
What are the prime factors of 54130?
2, 5, 5413
List the prime factors of 1527.
3, 509
List the prime factors of 706.
2, 353
What are the prime factors of 72757?
31, 2347
List the prime factors of 30209.
17, 1777
List the prime factors of 33351.
3, 11117
List the prime factors of 71930.
2, 5, 7193
What are the prime factors of 90050?
2, 5, 1801
What are the prime factors of 935?
5, 11, 17
List the prime factors of 5082.
2, 3, 7, 11
What are the prime factors of 2061?
3, 229
What are the prime factors of 29183?
7, 11, 379
List the prime factors of 26899.
37, 727
List the prime factors of 3225.
3, 5, 43
List the prime factors of 5583.
3, 1861
List the prime factors of 106733.
11, 31, 313
What are the prime factors of 1285?
5, 257
What are the prime factors of 16054?
2, 23, 349
What are the prime factors of 224?
2, 7
What are the prime factors of 49656?
2, 3, 2069
List the prime factors of 21417.
3, 11, 59
What are the prime factors of 2326?
2, 1163
List the prime factors of 49339.
49339
List the prime factors of 1839.
3, 613
What are the prime factors of 29406?
2, 3, 13, 29
What are the prime factors of 36001?
7, 37, 139
What are the prime factors of 3879?
3, 431
List the prime factors of 7061.
23, 307
List the prime factors of 460.
2, 5, 23
List the prime factors of 59734.
2, 29867
What are the prime factors of 420?
2, 3, 5, 7
List the prime factors of 1074.
2, 3, 179
What are the prime factors of 4181?
37, 113
List the prime factors of 8375.
5, 67
What are the prime factors of 20660?
2, 5, 1033
What are the prime factors of 1051?
1051
What are the prime factors of 4219?
4219
List the prime factors of 5278.
2, 7, 13, 29
List the prime factors of 1366.
2, 683
List the prime factors of 7378.
2, 7, 17, 31
List the prime factors of 2171.
13, 167
What are the prime factors of 2442?
2, 3, 11, 37
What are the prime factors of 12381?
3, 4127
What are the prime factors of 32502?
2, 3, 5417
List the prime factors of 63497.
7, 47, 193
What are the prime factors of 2737?
7, 17, 23
What are the prime factors of 7900?
2, 5, 79
List the prime factors of 5719.
7, 19, 43
What are the prime factors of 2273?
2273
List the prime factors of 1104.
2, 3, 23
What are the prime factors of 4321?
29, 149
What are the prime factors of 11210?
2, 5, 19, 59
List the prime factors of 20137.
13, 1549
What are the prime factors of 17080?
2, 5, 7, 61
What are the prime factors of 50225?
5, 7, 41
What are the prime factors of 1963?
13, 151
List the prime factors of 111.
3, 37
What are the prime factors of 1280?
2, 5
What are the prime factors of 32171?
53, 607
List the prime factors of 67590.
2, 3, 5, 751
List the prime factors of 500.
2, 5
List the prime factors of 2363.
17, 139
What are the prime factors of 54993?
3, 23, 797
List the prime factors of 4841.
47, 103
List the prime factors of 140014.
2, 7, 73, 137
List the prime factors of 1959.
3, 653
List the prime factors of 184261.
7, 11, 2393
List the prime factors of 1674.
2, 3, 31
List the prime factors of 52314.
2, 3, 8719
List the prime factors of 2594.
2, 1297
What are the prime factors of 2584?
2, 17, 19
What are the prime factors of 25389?
3, 7, 13, 31
List the prime factors of 2775.
3, 5, 37
List the prime factors of 451.
11, 41
What are the prime factors of 1243?
11, 113
List the prime factors of 3081.
3, 13, 79
What are the prime factors of 12845?
5, 7, 367
What are the prime factors of 3197?
23, 139
List the prime factors of 14575.
5, 11, 53
List the prime factors of 6940.
2, 5, 347
List the prime factors of 1398.
2, 3, 233
What are the prime factors of 27345?
3, 5, 1823
What are the prime factors of 9977?
11, 907
List the prime factors of 81828.
2, 3, 2273
List the prime factors of 878.
2, 439
List the prime factors of 7203.
3, 7
What are the prime factors of 17150?
2, 5, 7
What are the prime factors of 72?
2, 3
What are the prime factors of 2103?
3, 701
What are the prime factors of 61371?
3, 2273
What are the prime factors of 1063?
1063
List the prime factors of 4587.
3, 11, 139
What are the prime factors of 758?
2, 379
What are the prime factors of 3292?
2, 823
What are the prime factors of 104?
2, 13
What are the prime factors of 1747?
1747
What are the prime factors of 1945?
5, 389
List the prime factors of 45501.
3, 29, 523
What are the prime factors of 405?
3, 5
List the prime factors of 1325.
5, 53
List the prime factors of 6278.
2, 43, 73
What are the prime factors of 851?
23, 37
List the prime factors of 1476.
2, 3, 41
List the prime factors of 834.
2, 3, 139
List the prime factors of 2946.
2, 3, 491
What are the prime factors of 5687?
11, 47
List the prime factors of 439.
439
List the prime factors of 291.
3, 97
List the prime factors of 34716.
2, 3, 11, 263
List the prime factors of 852.
2, 3, 71
What are the prime factors of 2103?
3, 701
List the prime factors of 4495.
5, 29, 31
What are the prime factors of 18363?
3, 6121
List the prime factors of 7538.
2, 3769
What are the prime factors of 5279?
5279
What are the prime factors of 3602?
2, 1801
What are the prime factors of 42589?
42589
List the prime factors of 147.
3, 7
List the prime factors of 40350.
2, 3, 5, 269
What are the prime factors of 133?
7, 19
What are the prime factors of 15673?
7, 2239
List the prime factors of 3070.
2, 5, 307
What are the prime factors of 30?
2, 3, 5
List the prime factors of 9351.
3, 1039
What are the prime factors of 3572?
2, 19, 47
List the prime factors of 7708.
2, 41, 47
What are the prime factors of 6368?
2, 199
List the prime factors of 510.
2, 3, 5, 17
What are the prime factors of 10274?
2, 11, 467
What are the prime factors of 44633?
44633
What are the prime factors of 7987?
7, 163
List the prime factors of 4971.
3, 1657
What are the prime factors of 6246?
2, 3, 347
List the prime factors of 4056.
2, 3, 13
What are the prime factors of 24922?
2, 17, 733
List the prime factors of 1202.
2, 601
What are the prime factors of 17405?
5, 59
List the prime factors of 20297.
20297
What are the prime factors of 16243?
37, 439
What are the prime factors of 4949?
7, 101
List the prime factors of 60509.
60509
List the prime factors of 1143.
3, 127
List the prime factors of 1428.
2, 3, 7, 17
List the prime f